ivisor of 407 and 29341?
37
Calculate the highest common divisor of 62865 and 1270.
635
What is the highest common divisor of 135639 and 1764?
63
What is the highest common factor of 346632 and 4576?
1144
Calculate the highest common divisor of 96 and 43752.
24
Calculate the greatest common factor of 9396 and 8100.
324
What is the greatest common factor of 110265 and 45?
15
Calculate the greatest common divisor of 4141 and 1763.
41
Calculate the greatest common divisor of 1079070 and 30.
30
What is the greatest common factor of 53220 and 3900?
60
Calculate the greatest common factor of 305890 and 20.
10
Calculate the highest common divisor of 304 and 11894.
38
What is the greatest common factor of 1776 and 3219?
111
What is the highest common divisor of 10368 and 11421?
81
What is the greatest common divisor of 350 and 40075?
175
Calculate the greatest common divisor of 58803 and 102.
51
Calculate the greatest common factor of 20 and 1970.
10
Calculate the greatest common divisor of 8526 and 11136.
174
What is the greatest common factor of 196 and 802228?
196
What is the highest common factor of 108597 and 318?
159
Calculate the greatest common divisor of 12075 and 1400.
175
Calculate the highest common divisor of 312250 and 67446.
2498
What is the highest common factor of 18112 and 20?
4
What is the greatest common factor of 91908 and 6210?
1242
What is the greatest common factor of 12144 and 8481?
33
Calculate the highest common divisor of 4 and 19360.
4
What is the greatest common divisor of 360098 and 4490?
898
What is the highest common divisor of 629 and 15984?
37
What is the greatest common divisor of 378132 and 12?
12
Calculate the highest common divisor of 635 and 216789.
127
Calculate the highest common factor of 4355 and 52.
13
What is the greatest common factor of 54 and 354?
6
Calculate the highest common divisor of 10875 and 1392.
87
What is the greatest common factor of 19943 and 330946?
539
Calculate the greatest common divisor of 300 and 249828.
12
Calculate the highest common divisor of 132 and 44836.
44
Calculate the greatest common divisor of 102895 and 260.
65
What is the highest common factor of 3193 and 899?
31
What is the highest common divisor of 9 and 315477?
9
What is the highest common factor of 7272 and 55449?
909
Calculate the highest common divisor of 528 and 3092.
4
What is the greatest common divisor of 74163 and 118?
59
Calculate the highest common factor of 1653 and 15941.
19
Calculate the greatest common factor of 13710 and 70.
10
Calculate the highest common factor of 48 and 129264.
48
Calculate the highest common factor of 3744 and 11817.
117
What is the highest common factor of 436800 and 504?
168
What is the highest common factor of 174 and 9802?
58
What is the greatest common divisor of 18513 and 44?
11
What is the greatest common divisor of 366 and 5028?
6
What is the greatest common divisor of 1807 and 507?
13
What is the greatest common factor of 441 and 22197?
147
What is the greatest common factor of 14650 and 22850?
50
Calculate the highest common divisor of 9956 and 26462.
262
What is the highest common divisor of 22 and 7872458?
22
What is the highest common divisor of 717 and 12?
3
Calculate the highest common divisor of 1664 and 11008.
128
Calculate the greatest common factor of 108 and 9962784.
108
Calculate the greatest common factor of 4004 and 4081.
77
Calculate the greatest common factor of 3105 and 482517.
621
Calculate the highest common factor of 224 and 13.
1
Calculate the highest common divisor of 1878 and 906.
6
Calculate the highest common divisor of 114852 and 136.
68
Calculate the highest common factor of 1911 and 861224.
637
Calculate the highest common factor of 52035 and 60.
15
Calculate the highest common divisor of 65 and 1033994.
13
What is the highest common divisor of 1241436 and 36?
12
What is the greatest common divisor of 72 and 26216?
8
Calculate the greatest common divisor of 153 and 8099361.
153
What is the highest common divisor of 3380738 and 7190?
1438
What is the highest common factor of 6344 and 1037?
61
Calculate the greatest common factor of 2572861 and 1366.
683
Calculate the highest common factor of 78302 and 69513.
799
Calculate the greatest common factor of 720592 and 174.
58
Calculate the highest common divisor of 176 and 6352.
16
What is the greatest common divisor of 982 and 539609?
491
Calculate the highest common factor of 372 and 37758.
186
What is the greatest common divisor of 13172 and 1780?
356
Calculate the highest common divisor of 519557 and 254.
127
What is the highest common divisor of 351 and 96?
3
Calculate the highest common divisor of 264 and 7894524.
132
Calculate the greatest common factor of 75 and 3323.
1
Calculate the greatest common divisor of 57316 and 476.
28
Calculate the highest common factor of 22 and 372097.
11
What is the greatest common factor of 50 and 4499725?
25
What is the highest common divisor of 8967411 and 18?
9
Calculate the highest common divisor of 6924 and 3948.
12
What is the greatest common divisor of 3705 and 345?
15
Calculate the greatest common divisor of 279 and 8835.
93
What is the greatest common factor of 4285969 and 74?
37
What is the highest common factor of 213 and 235436?
71
Calculate the highest common factor of 103892 and 76.
76
What is the greatest common factor of 29516 and 1316?
188
Calculate the highest common divisor of 55470 and 235210.
430
What is the highest common divisor of 66 and 33622?
2
Calculate the highest common factor of 29391 and 7575.
303
Calculate the highest common factor of 10535 and 8213.
43
What is the greatest common divisor of 22 and 30041?
11
What is the greatest common divisor of 51018 and 132?
66
What is the greatest common factor of 1275 and 19025?
25
Calculate the highest common divisor of 1041 and 1662.
3
Calculate the highest common factor of 1848108 and 96.
12
What is the greatest common factor of 37704 and 72?
24
Calculate the greatest common factor of 86153 and 101.
101
Calculate the greatest common divisor of 369516 and 9794.
166
Calculate the highest common divisor of 128388 and 19500.
156
What is the highest common factor of 2591225 and 10050?
1675
Calculate the highest common divisor of 24200 and 2550.
50
Calculate the greatest common factor of 69095 and 21645.
65
What is the greatest common divisor of 7584 and 1143288?
1896
Calculate the highest common factor of 11 and 101893.
11
What is the greatest common divisor of 84 and 1469454?
42
Calculate the highest common factor of 39048 and 24.
24
What is the greatest common divisor of 139 and 2823924?
139
What is the highest common factor of 17415 and 516375?
405
What is the highest common divisor of 132038 and 6170?
1234
Calculate the greatest common factor of 64311 and 582.
291
Calculate the highest common factor of 243 and 107370.
9
What is the highest common divisor of 16 and 1333688?
8
What is the highest common divisor of 2898 and 481482?
414
What is the greatest common divisor of 2668896 and 3456?
864
Calculate the highest common factor of 836 and 242.
22
What is the greatest common divisor of 551 and 2378?
29
What is the greatest common divisor of 2154381 and 87?
87
What is the greatest common divisor of 14522 and 2014?
106
What is the greatest common divisor of 9672 and 7137?
39
Calculate the highest common factor of 861747 and 7259.
1037
What is the highest common factor of 1417172 and 988?
76
Calculate the highest common factor of 52 and 209989.
13
What is the highest common divisor of 121 and 239459?
121
What is the greatest common divisor of 747670 and 140?
70
Calculate the highest common divisor of 281346 and 78.
78
Calculate the greatest common factor of 963 and 129.
3
Calculate the highest common divisor of 147 and 34293.
21
What is the highest common divisor of 5538 and 1170?
78
Calculate the greatest common factor of 25 and 1755575.
25
What is the highest common factor of 3169293 and 51?
51
What is the highest common factor of 9503 and 1703?
13
Calculate the greatest common factor of 58488 and 96.
24
What is the highest common factor of 6120 and 1834776?
1224
Calculate the greatest common factor of 65380 and 90.
10
What is the greatest common factor of 546 and 1139736?
78
What is the grea